z) = z**2 - 48*z + 194. Let j be g(44). What is the greatest common factor of j and 2?
2
Suppose 4*n - 3*g - 15 = 0, 2*n - 3 = 15*g - 18*g. Calculate the highest common factor of 93 and n.
3
Let g(x) be the first derivative of x**3 - 5/2*x**2 - 2 - x. Let h be g(5). What is the greatest common divisor of h and 7?
7
Let r be (30/(-4))/(1 - (-15)/(-10)). What is the highest common divisor of 15 and r?
15
Suppose 0 = 5*w + 1431 - 4356. Calculate the greatest common factor of 325 and w.
65
Let m be (-7)/42*-3*-1*-20. Calculate the greatest common factor of m and 970.
10
Suppose -3*x - 5*n + 2374 = 0, 0 = 3*n - 159 + 162. Calculate the highest common factor of x and 61.
61
Let z(j) = j**3 + 16*j**2 - 15*j + 36. Let r be z(-17). Calculate the greatest common divisor of r and 46.
2
Let w be ((-36)/30)/(1/5) - -27. Calculate the highest common factor of 259 and w.
7
Let d(f) = -12*f + 18. Let k be d(0). What is the highest common divisor of k and 12?
6
Let y(n) = 24*n**2 + 90*n - 7. Let x be y(-5). What is the greatest common divisor of 275 and x?
11
Suppose 0 = 5*f + q - 15, 5*f = -0*f + 2*q + 15. Suppose f*s = 5*a - 420, a - s - 54 = 32. Calculate the highest common factor of 54 and a.
27
Let m = 203 - 167. Let k(w) = 2*w**2 - 3*w + 4. Let y be k(-4). What is the greatest common divisor of m and y?
12
Let u be 40/(-30)*(-2)/(-4)*3. Let p be (u/2)/(5/(-75)). Calculate the highest common factor of 9 and p.
3
Let y(g) = g**3 + 3*g**2 - 2. Let z be y(-3). Let x(o) = 17*o**2 + 2. Let h be x(z). Calculate the greatest common divisor of h and 14.
14
Let u(c) = 74*c**2 + c + 1. Let h be u(1). Calculate the greatest common divisor of h and 19.
19
Let o = -19 - -21. Let p be (-15)/4*(-2 - o). Calculate the greatest common factor of 25 and p.
5
Let u be -134*(-2)/52 + (-38)/247. Let k(g) = 2*g - 1. Let m be k(3). Calculate the greatest common divisor of u and m.
5
Let s be 4/10 - (-7 + 108/(-30)). Suppose -15*l + s*l + 72 = 0. What is the highest common factor of 12 and l?
6
Let l = -1 - -3. Let b be (3 - l) + -1 + 12. Suppose b = -a + 4*a. Calculate the greatest common divisor of 16 and a.
4
Suppose 520 = 5*y + 4*r - 9*r, 4*r - 529 = -5*y. Calculate the highest common factor of 15 and y.
15
Let h(t) = 4*t + 5. Let y be h(4). Suppose 30 = -5*o, 3*b + 234 = 3*o + 819. What is the highest common divisor of y and b?
21
Let l be 39 + (-11 + 7 - 7). What is the highest common factor of l and 308?
28
Let l be -4 - ((-6)/3 + -1). Let z be ((-34)/(-85))/(l/(-80)). What is the highest common divisor of z and 8?
8
Suppose -164 = -k - 2*f, 3*k - 6*k + 513 = -f. What is the greatest common divisor of 85 and k?
85
Let g be 8/(-6) + 8788/12. Suppose 5*u = 2711 - g. What is the greatest common divisor of 36 and u?
36
Let r be 516/(-84) - -6 - (-8)/7. What is the highest common divisor of 31 and r?
1
Let c be 585/2*(11 - 9). Suppose 0 = 2*a + 3*a - c. What is the greatest common divisor of 13 and a?
13
Let i(z) = 13*z**2 + 8*z + 56. Let r be i(-5). What is the highest common divisor of r and 310?
31
Let b = -23 + 243. Let h be 3/8 + ((-1212)/(-96) - -7). What is the greatest common divisor of h and b?
20
Suppose 3*v = p + 2*v - 24, 0 = -4*v + 8. What is the highest common factor of 442 and p?
26
Let q = -258 - -415. Suppose q = 3*g + 52. Calculate the greatest common divisor of 7 and g.
7
Let d be (-175 - -209) + (-27)/15*20/(-6). Suppose 5*c - 6 - 4 = 0. Suppose 0 = c*i - 14 - 2. Calculate the highest common factor of d and i.
8
Suppose -q = q + 2*y + 42, -y = -3. Let n = 25 + q. Calculate the greatest common factor of n and 2.
1
Let m(r) = -r. Let u(f) = f**2 + 6*f - 5. Let c(b) = 2*m(b) + u(b). Let k be 2/4 + 14/4. Let j be c(k). What is the highest common factor of j and 3?
3
Suppose 4*p + 40 = r + p, 210 = 4*r - 2*p. Suppose 0 = 2*k - 4*k + 5*o + 61, k = -2*o + 35. Calculate the greatest common factor of r and k.
11
Suppose 2 = 3*l - 13, 20 = 3*g + l. Suppose -24 = -g*i + 11. What is the greatest common divisor of i and 7?
7
Suppose 5*m = m. Suppose m = 4*b - 189 - 91. Let t be 1 + 0 + (-52)/(-4). What is the highest common factor of b and t?
14
Let y = 0 + 0. Suppose y*q = -5*q + 35. Suppose -k - 216 = -q*k. What is the greatest common divisor of 90 and k?
18
Let k = -37 + 52. Let c = 93 - 33. What is the greatest common factor of k and c?
15
Suppose j + 856 = 2*k, 4*k - 915 - 801 = j. Calculate the highest common factor of 20 and k.
10
Let f = -33 - -59. Calculate the greatest common factor of f and 26.
26
Let t = 211 + -221. Let k(h) = 12*h**2 + 4 - 3*h**2 + 0*h**3 - 12*h + h**3. Let s be k(t). Calculate the greatest common divisor of 6 and s.
6
Suppose -l + 312 + 136 = 0. Calculate the highest common factor of l and 14.
14
Suppose -b + 29 = 4*z, 0 = 5*z + 7*b - 2*b - 25. Let d(i) = i**2 + i + 4. Let q be d(4). Calculate the highest common divisor of z and q.
8
Suppose 19*w + 97 - 268 = 0. Let a = 15 - 6. Calculate the greatest common divisor of w and a.
9
Suppose -v + 5*v = y + 8, 2*y - 4*v + 8 = 0. Suppose y*a + a = 6. Let b be 12/(-20)*60/(-2)*3. Calculate the greatest common divisor of a and b.
6
Suppose 3*g = 5*g - 2*c - 696, 2*c = -4*g + 1410. Suppose 0 = -k + g - 131. Suppose 7*v = 3*v + k. Calculate the greatest common divisor of v and 5.
5
Let m(t) = -124*t - 259. Let z be m(-16). What is the greatest common divisor of 69 and z?
69
Let l = -906 - -940. Calculate the greatest common divisor of 68 and l.
34
Let k(o) = 2*o**2 - 14*o - 31. Let p be k(10). Let s be -2 + (2*3 - 0). Let l = 33 - s. Calculate the greatest common divisor of p and l.
29
Let w(y) = -11*y + 2 + 3 - 4*y - 1. Let h be w(-10). Suppose 3*r - 2*f = h, r - f - 28 = 25. What is the highest common divisor of r and 32?
16
Suppose 125*c = 124*c + 45. What is the greatest common factor of 81 and c?
9
Let p = 4 + -16. Let x = p + 8. Let f be x/(-14) + (-138)/(-7). What is the greatest common factor of 10 and f?
10
Let l be -9*-1*(-2)/(-2). Let n = l - 4. Suppose -n*o + 133 = -107. What is the greatest common factor of o and 12?
12
Let v = -22 + 36. Suppose -5*y + 5*f - 1 = 4*f, y = 5*f + 19. Let s = v + y. What is the highest common divisor of 65 and s?
13
Suppose 37 = g - 2*n - 2*n, 0 = 4*g - 4*n - 196. Suppose -g = 5*t - 283. What is the greatest common divisor of 115 and t?
23
Suppose 0 = -34*v + 22*v + 1032. What is the highest common factor of v and 387?
43
Suppose 0 = 3*m - 2*y - 17, 0*m + 2*y + 11 = m. Let w(j) = 3*j**2 + 3*j - 3. Let f be w(-3). What is the highest common divisor of f and m?
3
Let a = 1143 - 996. Calculate the highest common divisor of 189 and a.
21
Suppose -83*j = -81 - 500. Calculate the highest common factor of j and 959.
7
Suppose -p - p + 26 = -2*y, -y + 4*p - 16 = 0. Let n(u) = -2*u**2 - 25*u + 21. Let f be n(y). What is the greatest common factor of f and 132?
33
Suppose -3*x = -2*r + 245, -3*r + r + 2*x = -246. Let u = -68 + r. Let h(q) = q + 12. Let b be h(-5). Calculate the greatest common divisor of b and u.
7
Suppose 3*n + 51 = 3*p, -2 = 2*n + 4. Calculate the greatest common factor of p and 154.
14
Suppose 0 = o + 4*x - 9, -5*o + 43 + 2 = 4*x. Let t(g) = -6 + 0*g**3 - g**3 - 4 - 3*g + 10*g**2. Let p be t(o). What is the highest common factor of 11 and p?
11
Let g(t) be the first derivative of -t**4/4 - 10*t**3/3 - 7*t**2 - 7*t - 11. Let z be g(-9). Calculate the greatest common divisor of z and 19.
19
Let d(h) = -73*h - 5. Let n(g) = -74*g - 4. Let s(r) = -5*d(r) + 6*n(r). Let j be s(-1). Let o = -5 + 21. What is the greatest common divisor of j and o?
16
Let v(z) = 44*z - 12. Let c be v(1). What is the greatest common divisor of 928 and c?
32
Suppose 567 = l - 3*k, 1734 = -7*l + 10*l + 2*k. Calculate the greatest common divisor of l and 36.
36
Let q be 2079/81 + 4/(-6). Suppose -2 + 4 = -2*g, -5*r + 5*g = -30. Calculate the greatest common divisor of r and q.
5
Let s be (5*6)/((-18)/(-12)). Suppose 0 = 4*y - 2*y - s. Let j(n) = n**2 + 10*n + 19. Let t be j(-9). Calculate the highest common divisor of y and t.
10
Let s = 133 + -60. Suppose -z = 4*d + s, -2*z = 3*d + 36 + 20. Let l be (-1 - -141)*d/(-45). What is the highest common factor of l and 14?
14
Let o(f) be the first derivative of f**4/4 + 13*f**3/3 - 8*f**2 - 16*f + 10. Let i be o(-14). Calculate t